
Let d(l) = -l**3 + l**2 + 3*l - 8. Is 23 a factor of d(-4)?
False
Suppose 4*l = -0*l - 48. Suppose -2*a + 5*g = -18, -g - 7 = 3*a - 0. Let q = a - l. Is 11 a factor of q?
True
Is 27 a factor of 3 + (-5 - 2) + 191 + 2?
True
Let x(r) = -r**2 + 2. Suppose 0*b + 10 = 5*b. Let o be x(b). Is 12 a factor of 3/o*(-104)/6?
False
Let t(u) = -8*u - 3. Suppose 2*w + 3*f - 3 = 0, -15 - 40 = 5*w - 5*f. Let h be t(w). Suppose v = -4*v + h. Does 9 divide v?
True
Let f(d) = -d + 7. Suppose 9 = -g + 3*z - 2*z, -5*g - z - 21 = 0. Is f(g) a multiple of 6?
True
Let f(z) = -z + 2*z + 5 - 195*z**3 + 8*z**2 + 196*z**3. Suppose 0 = -3*r + 2*r - 7. Is 14 a factor of f(r)?
False
Let m(q) = 3*q - q + 10*q**2 - 5*q. Let a be m(2). Suppose a = 5*c - 1. Does 3 divide c?
False
Let y(g) be the first derivative of 9*g**2 - 4*g - 4. Does 25 divide y(3)?
True
Let i(b) = b**2 + 2*b + 2. Let j be i(-2). Suppose 0 = -0*r - j*r + 54. Is 9 a factor of r?
True
Let l(j) = 10*j + 24. Let m(c) = 14*c + 32. Let i(k) = -7*k - 16. Let d(s) = -7*i(s) - 4*m(s). Let g(h) = 7*d(h) + 5*l(h). Does 3 divide g(0)?
False
Let h(f) = 16*f - 9. Is 22 a factor of h(4)?
False
Let d(q) = -q**3 - 11*q**2 - 9*q + 13. Let n be d(-10). Suppose 5*f + t - 16 - 13 = 0, 3 = 3*f - n*t. Suppose 0 = f*x, 78 = 5*l - 2*l - 5*x. Does 13 divide l?
True
Let v(k) = -k**3 + 9*k**2 - 9*k + 6. Let x be v(8). Let g be (-7)/(-4) + x/(-8). Suppose -g + 20 = 3*c. Is 3 a factor of c?
True
Suppose -3*r - 2*r - 20 = 0. Is 7 a factor of (-2 - -38)*(-2)/r?
False
Suppose 2*x - s = -91 + 306, x = 4*s + 104. Is 9 a factor of x?
True
Let c = -222 + 449. Does 46 divide c?
False
Suppose 3*z + 24 = 4*z. Let a = -13 + z. Let b = a - -3. Does 7 divide b?
True
Let f(u) = u**3 + 30. Is 15 a factor of f(0)?
True
Let g(f) = 2*f - 3. Let j be g(4). Suppose -42 = -2*n + 4*x, j*x - 11 = -3*n + 41. Does 19 divide n?
True
Let x(b) = b - 8. Suppose 4*f - 50 = -f. Let y be x(f). Suppose 7*w = y*w + 180. Does 17 divide w?
False
Suppose -5*l + 0*l = -320. Is 26 a factor of l?
False
Suppose -4*u + t + 2*t = -28, -2*t - 24 = -4*u. Suppose -h - h = -u. Is h even?
True
Let w be (-2)/(-10) - (-507)/15. Let m = w + -12. Is 16 a factor of m?
False
Suppose 2 = -2*i, -318 - 445 = -5*o + 3*i. Is 8 a factor of o?
True
Suppose -2*w - 3*z = -68, 5*w + 98 - 310 = 3*z. Let j = -27 + w. Is 13 a factor of j?
True
Let m = -3 - -7. Is 14 a factor of 5/(-10) - (-170)/m?
True
Let t(l) be the second derivative of l**3/2 - 3*l**2 - 5*l. Is t(9) a multiple of 7?
True
Let c be -2 + (-3)/(-3) + -36. Let w = c - -52. Is w a multiple of 15?
True
Let v(f) = 2*f - 5. Let h be v(7). Suppose 2*y - h = -y. Suppose 0*u + u - 5*z = -3, -86 = -y*u - 4*z. Does 13 divide u?
False
Let k(l) = 7*l. Does 7 divide k(5)?
True
Suppose -h - 5*p + 117 = 0, -3*h - 5*p + 448 - 87 = 0. Is h a multiple of 25?
False
Let j(z) = -z**3 + 8*z**2 + 10*z - 7. Let x be j(9). Let b(d) = x*d + d + d**2 + 6 - 2*d. Is 25 a factor of b(7)?
False
Suppose 2*d + 347 = 977. Is 35 a factor of d?
True
Let c(x) = x**3 + 10*x**2 + 10*x + 13. Let q be c(-9). Let r = -9 - -11. Let s = q + r. Does 2 divide s?
True
Suppose -2*r = 2*r - 20. Suppose 108 = 4*g + 2*q, r*q = -g - 3*g + 120. Is 10 a factor of g?
False
Let j = 26 + 27. Let d(m) = -m**3 - 7*m**2 - 2*m - 9. Let n be d(-7). Suppose -n*t + 4*p + j = 0, -4*t = -4*p + 2 - 42. Does 5 divide t?
False
Let t(x) = -x**2 + 3*x + 8. Let m be t(6). Let l(n) = -n**2 - 14*n - 14. Does 13 divide l(m)?
True
Let a(s) = -s**2 + 4*s - 4. Let o be a(3). Does 7 divide 11 + 3 + o + 1?
True
Suppose -35 + 120 = 5*n. Does 5 divide n?
False
Suppose -5*o + 0*s = -2*s - 108, -28 = -o + 2*s. Is o a multiple of 2?
True
Let s = -34 - -60. Is 13 a factor of s?
True
Let u = 5 - 3. Suppose t - 49 = -u*o, -4*t - 17 - 84 = -3*o. Is o a multiple of 15?
False
Is 7/(28/160) - 4 a multiple of 6?
True
Suppose t + 580 = 2*n + 4*t, -4*n = 3*t - 1154. Does 35 divide n?
False
Let p(y) = -8*y - 10. Let i be p(-9). Suppose 146 = 3*v - 4*g, -4*v + 2*g = i - 250. Suppose v = 3*a + 1. Does 15 divide a?
True
Let p(b) = -b**3 + 4*b**2 + 4*b. Let x be p(-4). Suppose 93 = 3*f - c + 19, 4*c = -5*f + x. Is 15 a factor of f?
False
Let s(l) = 4*l**3 - 4*l**2 + 2*l + 2. Is 22 a factor of s(2)?
True
Let m be 2 + 4*(7 - 3). Suppose 5*s - 23 + 3 = 0, 3*s - 48 = 3*i. Let w = i + m. Does 3 divide w?
True
Let w = 6 + 258. Is w a multiple of 33?
True
Suppose -q - 5*o - 3 - 1 = 0, 2*q = -3*o + 13. Let r = q + -8. Suppose r*c = 7*c - 32. Is c a multiple of 5?
False
Let s(v) = -v + 2. Let p be s(-2). Suppose 0 = 4*r - 0*o + 4*o - 92, 2*o + 87 = 5*r. Suppose -4*q = 5*x - r - 4, -p*x + 8 = -2*q. Is 3 a factor of x?
True
Let p(a) be the third derivative of -a**4/24 + a**3/3 + a**2. Let q be p(-4). Let l(j) = -j**3 + 6*j**2 + j + 8. Is l(q) a multiple of 6?
False
Suppose 0 = 2*v - 11 - 1. Suppose -4*b - 60 = -5*t, 2*t - v = -b - 2*t. Is ((-6)/b)/(1/5) a multiple of 3?
True
Let y(t) = 50*t**3 + t**2. Suppose -4*l = 3*c - 19, -2*l - 3*c = -2*c - 7. Let u be y(l). Let d = u + -28. Does 10 divide d?
False
Is 3 a factor of 26/6 - (-6)/(-18)?
False
Suppose 65*p - 64*p - 338 = 0. Is 26 a factor of p?
True
Let p(l) be the third derivative of -l**5/60 + 7*l**4/12 + 3*l**3/2 - 5*l**2. Does 10 divide p(13)?
False
Let w = -82 - -58. Let b = 40 + w. Is 9 a factor of b?
False
Let y(b) = b**2 - b + 16. Is y(0) a multiple of 12?
False
Suppose -3*h = 3*t - 2*h - 17, -1 = -t + 2*h. Suppose -3*v = -2*v + 2. Let r = v + t. Does 3 divide r?
True
Let z(c) be the first derivative of 1 - 3*c - 7/2*c**2. Does 6 divide z(-2)?
False
Suppose -54 = -3*c - c - 2*w, -2*c + w = -25. Is c a multiple of 13?
True
Let o be 8/2*27/12. Is 17 a factor of 22*(-3 - o/(-2))?
False
Let m be 4/6 - (-608)/6. Suppose 3*o - 114 = 2*u, 0 = 3*o + 5*u - 3*u - m. Is 18 a factor of o?
True
Suppose -3*j = -2*j - 28. Suppose -i - 2*i = -3*n + 48, -4*n - 5*i + j = 0. Is n a multiple of 6?
True
Let i = 29 - 15. Is 7 a factor of i?
True
Let q(u) = u**3 - 4*u**2 - 3*u + 2. Let c be q(6). Suppose c + 64 = 2*l. Is 11 a factor of l?
False
Let w be (2/(-3))/((-2)/12). Suppose -35 = -4*h - 4*o + 33, 52 = w*h - 4*o. Is 8 a factor of h?
False
Let q be 2*((-18)/4 + 0). Let n = 58 - 29. Let g = q + n. Is 8 a factor of g?
False
Let d be ((-6)/(-2))/((-6)/(-104)). Suppose 0 = 5*o - d - 13. Is o a multiple of 6?
False
Suppose 4*v - 16 = 2*m - 0, -4*v + 4*m = -20. Suppose -v*l + 5 - 53 = 0. Does 4 divide (-3)/6*l/1?
True
Suppose 37 = 3*c - 119. Is 27 a factor of c?
False
Let h = -1238 - -1918. Suppose h = 4*y + 56. Does 10 divide y/15 - (-8)/(-20)?
True
Let i = 188 + -116. Does 21 divide i?
False
Let q = 95 + -66. Is q/2 + 3/(-2) a multiple of 3?
False
Suppose -195 = 5*g - 10*g. Does 13 divide g?
True
Suppose 0 = a - 4*a + 168. Let t = a - 31. Is 14 a factor of t?
False
Does 10 divide -28*(-3)/48*1*40?
True
Let a(d) = -d**3 - 2*d**2 + 2*d**3 + 2*d**3 + d - d**3 + 1. Is a(2) a multiple of 11?
True
Let s = -9 - -11. Is s/(-8) + (-330)/(-8) a multiple of 11?
False
Let z = -175 - -463. Is 36 a factor of z?
True
Let x = -27 + -2. Let j = 40 + x. Does 3 divide j?
False
Let d = 335 - 155. Suppose 1 = -l - 3*o + 47, -5*l + d = 5*o. Suppose 0 = t - 2*m - l, t + 3*t + 3*m = 102. Is 12 a factor of t?
False
Suppose 5*h - 4*w - 135 = 0, h + 8 - 49 = -2*w. Is 11 a factor of h?
False
Suppose 7*a = 4*a + 435. Suppose 0 = 3*t, -3*t - a = -5*r - 0*t. Does 12 divide r?
False
Let z(o) = 68*o**2 - o. Let p(k) = 137*k**2 - 2*k. Let w(f) = 2*p(f) - 5*z(f). Let u be w(1). Let y = u + 91. Is 13 a factor of y?
True
Suppose 39 + 30 = m. Is m a multiple of 23?
True
Suppose 121 = -2*m + 1697. Does 20 divide m/20 + 6/10?
True
Let h(f) = -f**3 + 5*f**2 + 7*f - 8. Let i be h(6). Let w(a) = 4*a**2 - 3*a - 3. Let g be w(i). Let u = 43 - g. Is u a multiple of 8?
True
Let b(x) = x**3 + 4*x**2 - x - 3. Does 19 divide b(3)?
True
Let l(w) = w**2 + 13*w - 11. Let m be l(-14). Suppose m*u = u + 36. Is 18 a factor of u?
True
Let z be (-519)/9 + 4/6. Let r = z + 82. Let g = r - 6. Is 14 a factor of g?
False
Let r(w) = -w**2 - 2*w**3 + 28 + 3*w**3 + 8. Does 12 divide r(0)?
True
Does 2 divide ((-3)/(-2))/((-12)/(-64))?
True
Suppose -5*a + 138 = f - 11, 3*a - 579 = -4*f. Is 16 a factor of f?
True
Suppose -2*t - 7 + 23 = 0. Is 1*-15*t/(-20) even?
True
S